remainder when 4073 is divided by 1312?
137
Calculate the remainder when 30278 is divided by 122.
22
Calculate the remainder when 17551 is divided by 14.
9
Calculate the remainder when 322343 is divided by 444.
443
Calculate the remainder when 361937 is divided by 921.
905
What is the remainder when 231086 is divided by 30?
26
What is the remainder when 88553 is divided by 4216?
17
Calculate the remainder when 1901 is divided by 327.
266
Calculate the remainder when 8508 is divided by 46.
44
Calculate the remainder when 297980 is divided by 59595.
5
What is the remainder when 141529 is divided by 82?
79
Calculate the remainder when 58843 is divided by 9805.
13
Calculate the remainder when 16790 is divided by 8362.
66
Calculate the remainder when 30255 is divided by 283.
257
Calculate the remainder when 51079 is divided by 143.
28
What is the remainder when 778 is divided by 205?
163
What is the remainder when 363374 is divided by 225?
224
What is the remainder when 3362 is divided by 17?
13
Calculate the remainder when 1699069 is divided by 18.
13
Calculate the remainder when 3985 is divided by 419.
214
Calculate the remainder when 8122 is divided by 148.
130
What is the remainder when 411016 is divided by 314?
304
What is the remainder when 1210 is divided by 116?
50
What is the remainder when 42099 is divided by 50?
49
Calculate the remainder when 5939 is divided by 1146.
209
Calculate the remainder when 167584 is divided by 102.
100
Calculate the remainder when 17590 is divided by 14.
6
What is the remainder when 17628 is divided by 155?
113
What is the remainder when 13848 is divided by 11?
10
Calculate the remainder when 962 is divided by 74.
0
Calculate the remainder when 4636 is divided by 89.
8
What is the remainder when 114294 is divided by 11428?
14
What is the remainder when 63238 is divided by 219?
166
What is the remainder when 39647 is divided by 96?
95
What is the remainder when 141156 is divided by 284?
8
What is the remainder when 6233 is divided by 7?
3
What is the remainder when 17607 is divided by 534?
519
What is the remainder when 1276 is divided by 1015?
261
What is the remainder when 5683 is divided by 52?
15
What is the remainder when 1277 is divided by 154?
45
Calculate the remainder when 1616577 is divided by 126.
123
Calculate the remainder when 1170 is divided by 269.
94
What is the remainder when 4152 is divided by 41?
11
What is the remainder when 1600 is divided by 45?
25
What is the remainder when 2391 is divided by 75?
66
Calculate the remainder when 184900 is divided by 232.
228
What is the remainder when 6018 is divided by 2993?
32
Calculate the remainder when 23117 is divided by 537.
26
What is the remainder when 10290 is divided by 781?
137
Calculate the remainder when 11098 is divided by 3696.
10
Calculate the remainder when 6295 is divided by 1054.
1025
What is the remainder when 892355 is divided by 662?
641
What is the remainder when 9841 is divided by 78?
13
Calculate the remainder when 277556 is divided by 677.
663
Calculate the remainder when 2808 is divided by 1541.
1267
Calculate the remainder when 1190 is divided by 299.
293
What is the remainder when 388517 is divided by 442?
441
What is the remainder when 3679422 is divided by 86?
84
Calculate the remainder when 19046 is divided by 4.
2
What is the remainder when 154573 is divided by 122?
121
Calculate the remainder when 457619 is divided by 12.
11
What is the remainder when 9046 is divided by 69?
7
What is the remainder when 14329 is divided by 56?
49
Calculate the remainder when 11169 is divided by 3715.
24
Calculate the remainder when 47412 is divided by 149.
30
Calculate the remainder when 988 is divided by 927.
61
Calculate the remainder when 217135 is divided by 154.
149
Calculate the remainder when 44125 is divided by 28.
25
What is the remainder when 1555 is divided by 134?
81
What is the remainder when 635586 is divided by 211848?
42
Calculate the remainder when 16566 is divided by 16555.
11
Calculate the remainder when 366253 is divided by 167.
22
Calculate the remainder when 69350 is divided by 11547.
68
What is the remainder when 904491 is divided by 23192?
3
What is the remainder when 6422 is divided by 25?
22
Calculate the remainder when 2940 is divided by 14.
0
What is the remainder when 824 is divided by 148?
84
Calculate the remainder when 1520 is divided by 53.
36
What is the remainder when 20235 is divided by 25?
10
Calculate the remainder when 700945 is divided by 46.
43
Calculate the remainder when 1040 is divided by 312.
104
Calculate the remainder when 22089 is divided by 50.
39
Calculate the remainder when 2861 is divided by 178.
13
Calculate the remainder when 3034 is divided by 507.
499
Calculate the remainder when 39562 is divided by 46.
2
Calculate the remainder when 11113 is divided by 67.
58
Calculate the remainder when 8366 is divided by 8228.
138
Calculate the remainder when 7691 is divided by 957.
35
Calculate the remainder when 5332 is divided by 59.
22
What is the remainder when 4167 is divided by 2060?
47
What is the remainder when 27572 is divided by 177?
137
What is the remainder when 1297483 is divided by 9?
7
What is the remainder when 26849 is divided by 222?
209
What is the remainder when 1318 is divided by 531?
256
Calculate the remainder when 5570 is divided by 148.
94
What is the remainder when 44753 is divided by 22376?
1
What is the remainder when 28753 is divided by 4757?
211
Calculate the remainder when 33157 is divided by 33073.
84
Calculate the remainder when 8842 is divided by 121.
9
Calculate the remainder when 2774 is divided by 794.
392
What is the remainder when 37454 is divided by 981?
176
What is the remainder when 1328 is divided by 276?
224
What is the remainder when 28426 is divided by 812?
6
What is the remainder when 3316 is divided by 1518?
280
What is the remainder when 83208 is divided by 1981?
6
Calculate the remainder when 5108 is divided by 183.
167
What is the remainder when 7997 is divided by 50?
47
Calculate the remainder when 7927 is divided by 77.
73
What is the remainder when 8766 is divided by 11?
10
Calculate the remainder when 505303 is divided by 634.
5
What is the remainder when 9214 is divided by 1291?
177
What is the remainder when 3454 is divided by 1114?
112
Calculate the remainder when 5196 is divided by 5114.
82
Calculate the remainder when 1296 is divided by 104.
48
Calculate the remainder when 65825 is divided by 105.
95
What is the remainder when 60533 is divided by 46?
43
Calculate the remainder when 380296 is divided by 95074.
0
What is the remainder when 1675 is divided by 574?
527
What is the remainder when 691676 is divided by 80?
76
What is the remainder when 76070 is divided by 12677?
8
Calculate the remainder when 21755 is divided by 3104.
27
What is the remainder when 14022 is divided by 274?
48
What is the remainder when 951 is divided by 225?
51
Calculate the remainder when 20696 is divided by 46.
42
Calculate the remainder when 505113 is divided by 62.
61
Calculate the remainder when 2652 is divided by 459.
357
Calculate the remainder when 7158 is divided by 3231.
696
What is the remainder when 156776 is divided by 201?
197
What is the remainder when 36634 is divided by 172?
170
Calculate the remainder when 63862 is divided by 152.
22
Calculate the remainder when 94870 is divided by 234.
100
What is the remainder when 357 is divided by 118?
3
Calculate the remainder when 3894 is divided by 252.
114
Calculate the remainder when 12537 is divided by 15.
12
What is the remainder when 12305 is divided by 28?
13
Calculate the remainder when 1956 is divided by 377.
71
What is the remainder when 2287 is divided by 2083?
204
Calculate the remainder when 7014445 is divided by 99.
97
What is the remainder when 74466 is divided by 241?
238
Calculate the remainder when 13906 is divided by 1054.
204
What is the remainder when 1402840 is divided by 789?
787
Calculate the remainder when 14149 is divided by 38.
13
Calculate the remainder when 153393 is divided by 38346.
9
What is the remainder when 1092 is divided by 109?
2
Calculate the remainder when 34690 is divided by 34.
10
What is the remainder when 3957 is divided by 663?
642
What is the remainder wh